be b(s). Let d = -3 + h. List the prime factors of d.
2
Let n(b) = 4*b - 9. Let d(f) = 2*f**2 - 5*f + 3. Let v be 1 + -2 + (1 - -3). Let i be d(v). List the prime factors of n(i).
3, 5
Suppose 3*m + m - 1036 = -4*r, -3*r + 779 = 2*m. Suppose -4*g = -7*g + r. List the prime factors of g.
3, 29
Let i(m) = -m**3 - 22*m**2 - 35*m + 17. What are the prime factors of i(-24)?
7, 41
What are the prime factors of -4 + (-9 - -3) + 2045?
5, 11, 37
Let f(l) = 5*l - 6. Let n(o) = 2*o - 2. Let i(k) = 3*f(k) - 8*n(k). Let g be i(-4). Suppose -30 = -5*b + g*j + 35, 3*b + j = 39. List the prime factors of b.
13
Let n = 1228 - 379. What are the prime factors of n?
3, 283
Suppose -48*k - 18694 + 90358 = 0. What are the prime factors of k?
1493
Let d = -183 + 318. Suppose d = 7*i - 411. List the prime factors of i.
2, 3, 13
List the prime factors of 10*(-16)/(-80)*6241/2.
79
Let z(n) = n - 2. Let t be z(0). Let i(f) = 3*f**2 + 0*f**2 + 3*f - 3 - 5*f. List the prime factors of i(t).
13
Suppose -3*m = 5*f - 2268 - 247, 3*m + 2515 = 5*f. What are the prime factors of f?
503
Let i(l) = 23*l**2 - 12*l - 17. Let t(g) = 12*g**2 - 6*g - 8. Let v(n) = 3*i(n) - 5*t(n). Let h be v(-5). What are the prime factors of h/10 - (-27)/45?
5
Let l = 6 - 6. Let f(o) = 5 + 2*o + l - 1 + 0*o. What are the prime factors of f(13)?
2, 3, 5
Let n be ((-7)/(-2) + -3)*0. Suppose -2*y = 3*y + 3*z - 45, 5*z + 25 = n. List the prime factors of y.
2, 3
Let l(c) = 24*c**3 - 3*c + 3. Let d be -12 + 13 - (1 + -1*2). List the prime factors of l(d).
3, 7
Suppose -3*w + 29 = w + 3*k, -w + 3*k - 4 = 0. What are the prime factors of 108 + 25/w + -2?
3, 37
Suppose -30 = -2*r - 3*r. Suppose r*s - 3 = 5*s. Suppose f = 3 + s. What are the prime factors of f?
2, 3
Let y be 6/(1 + (0 - 2)). Let l = 10 + y. Suppose -4*f + 38 = l*k + 2, 0 = -2*k + f + 24. What are the prime factors of k?
11
List the prime factors of 18147/15 + 2/10.
2, 5, 11
Suppose 90 = 5*d - 3065. List the prime factors of d.
631
Suppose a + 3*k + 2 = 0, -3*a + 3*k - 1 + 19 = 0. Let b be 4 - 1 - -5 - a. Let v = b - -15. What are the prime factors of v?
19
Let h = -12 - -10. What are the prime factors of (-253)/h + 4/((-8)/3)?
5
Suppose -124*z = -132*z + 3632. List the prime factors of z.
2, 227
Let a(w) be the first derivative of -41*w**2/2 + 52*w + 16. List the prime factors of a(-5).
257
Let a = -56 + 27. Suppose 5*u = -4*q + 2 + 336, -2*u = -2*q - 146. Let b = u + a. List the prime factors of b.
41
Let w = -69 + 488. Suppose -4*t + 41 = -w. List the prime factors of t.
5, 23
List the prime factors of 40/32 + 36/(-16) - -1305.
2, 163
Let l(o) = 73*o + 8. Let v(m) = -m**3 - 5*m**2 + 1. Let d be v(-5). List the prime factors of l(d).
3
Let m be (-2)/8 + (-75)/(-12). Suppose -m + 0 = -2*u. Suppose 0 = 4*k - u*j - 125, 3*k = 4*j + 48 + 51. What are the prime factors of k?
29
Suppose 13*q - 5*q = 1104. Suppose -2*n = -q - 142. What are the prime factors of n?
2, 5, 7
Suppose -908 = -33*c + 29*c. List the prime factors of c.
227
Let a = 135 + 105. Suppose -3*k - 2*k = -a. List the prime factors of k.
2, 3
Let s = 2 + -6. List the prime factors of 158/3*(-6)/s.
79
Let o = -57 + 27. List the prime factors of ((-108)/o)/(2/15).
3
Suppose -1140 = -6*a + a + 2*b, 0 = -4*b. List the prime factors of a.
2, 3, 19
Let z(a) = a**3 + a. Let k be (-1 - 3) + 15*1. Let m = k + -9. What are the prime factors of z(m)?
2, 5
Suppose -26 = 7*d - 40. Let a = 157 - 88. Suppose -d*g + 3 = -a. What are the prime factors of g?
2, 3
Let j = 40 - 26. Suppose 4 = -5*t + j. Suppose -t*p + 69 = a, -4*a = -0*a - 20. List the prime factors of p.
2
Let n be 3/6 + 1005/6. Suppose 0 = 2*u - 3*y - n, 0*y - 98 = -u + 5*y. What are the prime factors of u?
2, 3, 13
Let y be (10 - 2)/(-2) + 1*-121. Let g = y + 185. List the prime factors of g.
2, 3, 5
Let i be -2 + 5/((-5)/(-3)). Let r(k) = -k + 2 - 5 + i. What are the prime factors of r(-5)?
3
Suppose 5*m - 4*f = 1839, 2*m = 2*f + 332 + 404. Let l = 657 - m. What are the prime factors of l?
2, 5, 29
Let t(l) = -l**3 - 7 + 7 + 3*l**2 - 5 + 3*l**2 + 2*l. Suppose 2*d = 7*d - 25. What are the prime factors of t(d)?
2, 3, 5
Suppose -7*t + 11 = -17. Suppose -a - t*h = -77, a - 2*h - 58 - 19 = 0. What are the prime factors of a?
7, 11
Suppose -5*r + 89 + 111 = 0. Suppose 4*x + 0 = -r. Let q = -4 - x. List the prime factors of q.
2, 3
Let q(o) = -1 - 4 + 3 - 7*o + 18*o**2 - 3. What are the prime factors of q(-2)?
3
Suppose o - 5 = 10. Let c = o - 14. List the prime factors of 15*(4 - (c + 2)).
3, 5
Let y(g) = 5*g + 7. Let v be y(13). Let u = v + -103. Let o = u + 78. What are the prime factors of o?
47
Suppose 3*k = -4*s + 8, -k + 11 = -4*s + 7*s. Suppose 2*n = s*r - 440, -2*r - 3*n + 176 = -n. What are the prime factors of r?
2, 11
Let u(i) be the first derivative of -1 + 3*i + i**2 + 4/3*i**3. What are the prime factors of u(-2)?
3, 5
Suppose 4*k + 7*z - 863 = 8*z, 4*k - 3*z - 861 = 0. List the prime factors of k.
2, 3
Let m be 8/4 + 1 + 1. Let a = 3 - m. Let g = a - -16. What are the prime factors of g?
3, 5
Suppose -q + 2*r = 3*q - 18, 0 = -q - r + 9. Suppose 0*h = -3*h + q. Suppose -3 = -h*n + 15. List the prime factors of n.
3
Let n(p) = -6*p**3 - 2*p**2 + 6*p + 18. List the prime factors of n(-4).
2, 173
Let g(r) = 7*r**3 - 6*r**2 - 8*r - 9. What are the prime factors of g(6)?
3, 7, 59
Let h(n) = 21*n + 54. List the prime factors of h(18).
2, 3
Suppose -98*n = -102*n + m + 13415, 3*m - 13419 = -4*n. List the prime factors of n.
2, 3, 13, 43
Suppose -4*y - 5*n - 160 = -n, -y - 5*n - 28 = 0. Let p = y - -74. What are the prime factors of p?
31
Suppose 4*x + x = 15, 2*z = 5*x - 5. Let k(d) = 2*d**2 + 2*d + 5. List the prime factors of k(z).
5, 13
Suppose -2*q = 1 - 9. Suppose f + 3 = -q*k + 20, -4*k = -f + 33. Let c = f + 13. What are the prime factors of c?
2, 19
List the prime factors of 1 + 5635/(-9 - -16).
2, 13, 31
Let j(x) = x + 5. Let r(q) = -3*q - 7. Let h = -11 + 5. Let c be r(h). List the prime factors of j(c).
2
Let i(a) = a**2 - 4. Let r be i(2). Suppose 4*p = -3*o - r*o + 29, 0 = -2*o - 5*p + 31. Suppose -t = 4, o*n + 4*t - 5*t = 79. What are the prime factors of n?
5
Let n(w) = w**2 - 2*w + 1. Let q be n(6). Let h = q - 32. What are the prime factors of (-925)/(-35) - (-3)/h?
2, 13
Let b = 3 - -3. Let j be 1/(2 + b/(-4)). Suppose -y - 11 = -j*y. What are the prime factors of y?
11
Suppose -4*c + 9*c + 15 = 0. Let l = c + 57. What are the prime factors of l?
2, 3
List the prime factors of ((-200)/2)/(20 - 41 - -19).
2, 5
Suppose -b - 31 = -9. Let a be (-1 - b/(-2)) + 0. What are the prime factors of (-18)/(-1)*(-4)/a?
2, 3
Suppose 4*l + 4916 = 7*j - 2*j, -j = 4*l - 964. What are the prime factors of j?
2, 5, 7
Let r(n) = -n**3 - 5*n**2 - 5*n - 7. Let c be r(-3). Let i(y) = -20*y + 14. List the prime factors of i(c).
2, 107
Let t = 58 - 47. Let i(n) = n**3 - 8*n**2 - 9*n - 4. What are the prime factors of i(t)?
2, 5, 13
Suppose -1812 = 42*g - 46*g. Suppose -g = -2*r - 155. What are the prime factors of r?
149
List the prime factors of (-16)/20 + 15246/70.
7, 31
Suppose 0 = -5*o - 5*m - 35, -5*o + 5*m - 1 = -16. Let l(x) = 4*x - 3*x + 4 + 0 + 0 + 12*x**2. What are the prime factors of l(o)?
2, 5
Let p be ((-4)/(-10)*-2)/(2/35). Let f = 39 + p. What are the prime factors of f?
5
What are the prime factors of 53823/44 + (-10)/40?
1223
Suppose 24*v = 22*v + 4. Suppose 0 = -v*k + 7 + 15. Suppose 12 = k*q - 7*q. What are the prime factors of q?
3
Let q(o) = 28*o**2 + o - 2. Let u be q(-2). Suppose 2*r - u = -4. List the prime factors of r.
2, 13
Suppose 0 = -z - z - j - 50, -104 = 4*z + 4*j. Suppose 25 = -5*h - 55. What are the prime factors of (-114)/(-4)*h/z?
19
List the prime factors of (-24)/(-9)*-11*(-12)/8.
2, 11
Suppose -i - 4248 + 1366 = 2*r, 4*r = 2*i - 5756. What are the prime factors of (2/5)/((-12)/r)?
2, 3
Let j(r) = -r**3 - r**2 + 2*r - 60. Let y be j(0). Let v = 90 + y. What are the prime factors of v?
2, 3, 5
Let j = 60 - 64. What are the prime factors of (45/2)/(1/((-16)/j))?
2, 3, 5
Let t = 117 + -392. Let j = 436 + t. List the prime factors of j.
7, 23
Let h(t) = t**3 - 7*t**2 - 2*t + 9. Let j be h(7). Let n(w) = -2*w**3 - 6*w**2 + 1. Let i be n(j). Let f = i + -72. List the prime factors of f.
29
Suppose 6